Let i = 24 - 21. Suppose 5 + 13 = i*f. Let x be w(f). Let z(o) = o**3 - 4*o**2 - 5*o - 4. Give z(x).
-4
Let m(d) = -d**2 + 18*d + 171. Let c be m(25). Let k(t) = t**3 + 3*t**2 - 2*t. What is k(c)?
-8
Let m(c) = -2*c - 1. Let l be (12/(-10))/((-6)/20). Let z = -33 + 48. Suppose -l*b = b - z. Determine m(b).
-7
Let r(m) = 7*m**3 - m**2 + 2*m. Let k be r(1). Let j(p) = -50 + 95 + k*p - 48. Give j(2).
13
Let f(d) = -5*d**2 - 8*d - 5. Let s(n) = 2*n**2 + 3*n + 2. Let o(j) = -3*f(j) - 8*s(j). Let t(p) = -2*p**2 + 11*p - 6. Let z(a) = -o(a) + t(a). Give z(9).
13
Let m(l) = 0 + 2 + l - 5*l. Let c be (-1 + 3)/((7 + -6)*-1). Give m(c).
10
Let q(w) = w - 529 + w**3 + 1057 - 528. Let g = 2 - 2. Determine q(g).
0
Let g(v) = -13*v**2 + 3*v - 2. Let h be g(1). Let x be 1*(h/(-1))/(-4). Let p(k) = -k**2 - 4*k - 4. Calculate p(x).
-1
Let q(c) be the second derivative of -c**4/12 + 2*c**3/3 + c**2/2 - 65*c + 1. What is q(3)?
4
Let a = 1142 + -1147. Suppose 0 = 2*g - g. Let o(i) = 8*i + g*i**2 - i + i**2 + 1. Determine o(a).
-9
Let p(g) = -4*g**3 + 5*g**2 + 6*g + 24. Let w(s) = -2*s**3 + 2*s**2 + 3*s + 13. Let f(j) = -4*p(j) + 7*w(j). Calculate f(4).
15
Suppose 2*m - 14 = m. Suppose 4*l + 6 = -m. Let n(w) = -2 + 2 - w + 2. Calculate n(l).
7
Let t = 48 - 37. Let z(s) = -s + s**2 + 3 + 4 + t*s. What is z(-7)?
-14
Let j(r) = -r**3 + r - 4. Suppose 2*g - 11 = -41. Let o = g + 6. Let v = -9 - o. What is j(v)?
-4
Suppose 0 = -3*d - 29 + 17, 4*a = -4*d + 4. Let k(c) = c - 9. Calculate k(a).
-4
Suppose 94 = -17*f - 30*f. Let l(j) be the first derivative of -j**4/4 - 2*j**3/3 - j**2 - j + 2. Calculate l(f).
3
Let b(h) = -h + 5. Let r be 3/(-1) - (-20 + 9). Suppose 0 = 4*p + y - 16, -p - r = -3*p - 4*y. Suppose 0 = 2*x + 6*w - p*w - 8, -w = 0. Give b(x).
1
Let f = -272 - -277. Let q(j) = 2*j**2 - 7*j - 5. What is q(f)?
10
Let f(o) = 13*o**2 + o. Let k be -4*(-12)/(6 + -2). Suppose 11*b - k*b - 1 = 0. Give f(b).
12
Let d(y) = -17*y**3 - y**2 + y + 1. Let k(g) = -3*g**3 + 2*g**2 + 2*g. Let r be k(2). Let a be ((-160)/r)/(-8) - (-4)/6. Determine d(a).
16
Let o(y) = -y**2 - 4*y + 5. Let c = -141 + 137. What is o(c)?
5
Suppose 0 = -4*d - 2*f - 0*f, -4*d = -5*f. Suppose d*b + 5 = b. Let q(a) = a**3 - 5*a**2 + 5. Give q(b).
5
Let p(q) = q**2 - 2*q - 5. Let a(i) = -i**2 + 16*i + 109. Let l be a(-6). Let v(h) = h**2 + 8*h - 5. Let x be v(-6). Let k = x - l. Calculate p(k).
19
Let h(f) = -2*f - 2. Suppose 5*r = 4*q - 11, -q - 2*q - 2*r + 14 = 0. Suppose -4*b - 7 = 5*c, q = c + 3. Give h(b).
4
Let s(y) = y**3 - 4*y**2 - 4*y - 3. Let p be s(5). Let i(o) = -17*o**2 - 10*o + 1. Let h(n) = -22*n**2 - 12*n + 1. Let z(j) = -4*h(j) + 5*i(j). What is z(p)?
9
Let q(f) = f**3 - 5*f**2 - 2*f - 7. Let b(t) = 3*t - 111. Let u be b(39). Give q(u).
17
Let y(m) be the first derivative of -3*m**7/280 - m**6/360 + m**4/24 + m**3 - 12. Let p(c) be the third derivative of y(c). Give p(1).
-9
Let o(u) = 2*u - 6. Let q be o(6). Let x be 4 + (2 + -8 - -2). Let g(r) = 0*r - q*r**2 + 5*r**2 + x*r**2 - r - 2. Calculate g(-3).
-8
Let j(d) = 5*d**2 + 3*d + 4. Let u(t) = 9*t**2 + 5*t + 5. Let c(m) = -5*j(m) + 3*u(m). Give c(-2).
3
Let l be (1/2)/((-3)/(-12)). Let o = l + -1. Let m(i) = -5*i**2 + 3*i - 4. Let h(f) = 4*f**2 - 4*f + 5. Let w(v) = -5*h(v) - 6*m(v). Calculate w(o).
11
Let d(p) be the first derivative of p**4/4 - p**3/3 - 3*p**2/2 - 3*p - 194. Suppose 3*f + b - 4 = 0, 3*f - 2*b - 7 = 4*f. Determine d(f).
6
Let b(d) be the third derivative of -d**5/30 + d**4/12 - d**3/6 + 11*d**2. Let p be b(2). Let o(k) = -k**3 - 5*k**2 + 3*k + 5. Give o(p).
-10
Let h(k) = -k**3 + k + 7. Let p be (2 - 0)*(-9 + 10). Suppose p*u - 5*a = 25, 3*u + 0*u = 5*a + 25. Determine h(u).
7
Suppose -5 + 14 = -3*h. Let g be (h/(-18))/(2/12). Let q(x) be the first derivative of x**4/4 + x**3/3 - x**2/2 + 1. Determine q(g).
1
Let f = -2 - 5. Let k(y) = -7*y - 2. Let j(i) = -8*i - 3. Let t(x) = f*k(x) + 6*j(x). What is t(5)?
1
Let k = 263 - 268. Let s(a) = 2*a + 2. Determine s(k).
-8
Suppose -8*p + 19 = -61. Let u be (8/p)/(5/(-25)). Let a(r) be the third derivative of r**5/60 + r**4/4 + r**3/6 + 2*r**2. Determine a(u).
-7
Let l be 4/(-6) - 77/(-21). Suppose -2*f = l*f - 280. Let m(n) = -55 - n + 0*n + f. Calculate m(7).
-6
Let a(i) = -i - 12*i**2 - 1 - 10*i**2 + 26*i**2 + 2 - 5*i**3 + 4*i**3. Give a(4).
-3
Let n(h) be the third derivative of h**4/8 - h**3 - 748*h**2. Give n(6).
12
Suppose -2 = -2*d - z, d = -0*d + 2*z - 9. Let s be (0/(-3 - d))/(-1). Suppose 5*y + 2 + 8 = s. Let a(f) = 3*f**2 + f - 2. What is a(y)?
8
Let m(d) = -8*d - 1. Let k(l) = l - 1. Let t(p) = 2*k(p) + m(p). Let r(s) = -3*s + s**2 - 10 + 15 - 11. Let u be r(4). What is t(u)?
9
Let z(j) = j**2 - 6*j - 7. Let y = -98 + 106. Give z(y).
9
Suppose 0 = 5*c + 3*j + 50, c + 38*j = 43*j + 18. Let d(x) be the second derivative of -x**5/20 - 5*x**4/12 + 5*x**3/3 - x**2/2 - 2*x. What is d(c)?
27
Let y(b) = 4*b**2 - 11*b + 7. Let i(r) = r**2 - r + 1. Let g(m) = 5*i(m) - y(m). Calculate g(-5).
-7
Suppose 0 = -8*z + 13*z + 10. Let p(w) be the second derivative of -w**4/12 + w**2 + w. Determine p(z).
-2
Let g = -1 + 3. Let h(x) = -x**2 + 3 - x - 6*x + 0*x**g. Suppose -34*w - 156 = 48. Give h(w).
9
Let a(g) = g**2 - 8*g + 4. Let v(b) = b**2 - 7*b + 4. Let m(r) = -6*a(r) + 5*v(r). Give m(12).
8
Suppose 0 = 4*x - 20 + 8. Let r(w) = 0*w**2 - 6*w**3 + 4*w**3 + w + 1 + 3*w**x + w**2. What is r(0)?
1
Let a(u) = -u**3 + 2*u**2 + 7*u - 5. Suppose 0*q = -4*q + 16. Suppose 0 = 2*z - 3*z + q. Determine a(z).
-9
Suppose 5*j - 5*a + 12 = 27, -4*a - 12 = 4*j. Suppose z + 1 = 3, j = 4*t - 2*z - 16. Let u(o) = -1 + 1 + t*o - o**2 - 4. What is u(4)?
0
Let h(a) = 5*a**2 - 2. Let f(t) = -6*t**2 - t + 2. Let m = 5 + 2. Let u(v) = m*h(v) + 6*f(v). Calculate u(-6).
-2
Let s(w) = w - 1. Let h(i) = 1. Let v be (2 - (-9)/(-6))*-2. Let t(u) = v*s(u) + 6*h(u). Determine t(5).
2
Let q(c) = -8*c**2 + c + 1. Let x(i) = i + 1. Let r be x(10). Suppose -o = r + 4. Let y be 3*(15/3)/o. Give q(y).
-8
Let l(z) be the second derivative of 4/3*z**3 + 1/6*z**4 - 10*z + 7/2*z**2 + 0. Give l(-5).
17
Let j = -759 + 766. Let k(y) = -y + 6. Determine k(j).
-1
Let n(l) be the first derivative of l**3/3 + 3*l**2 + 11*l - 122. Give n(-5).
6
Let x(n) = -n**2 + n. Let b(z) = -3*z**2 + 2*z - 4*z**2 + z + 3*z**2. Let w(o) = 2*b(o) - 7*x(o). Let t(f) = -f. Let q(a) = t(a) + w(a). What is q(-2)?
0
Let r(f) = -4*f + 3*f**2 + 2*f**3 - f**3 + f - 1. Let a be 25/(550/308)*2/(-7). Calculate r(a).
-5
Let s = -110 - -115. Let j(d) = d**3 - 5*d**2 + 5*d - 4. What is j(s)?
21
Suppose -4*d - 2*g + 0 + 2 = 0, 3*d - 2 = -2*g. Suppose 18 = -6*r - d. Let s(v) = v**3 + 3*v**2 - v. Give s(r).
3
Let x(y) = -12*y + 1 - 6 + 2*y**2 + 9 - 6. Suppose -h - 15 = -4*h. Let n(i) = i**2 - 6*i - 1. Let t(f) = h*n(f) - 3*x(f). What is t(4)?
9
Let f(y) = 0*y + 8 + 2*y - y**2 + 9*y - 1 + 2*y**2. Calculate f(-10).
-3
Let t(p) = p**3 + 6*p**2 + 10*p + 3. Let c = -1718 + 1715. Give t(c).
0
Let a(q) = -q**2 - 14*q - 3. Let d be a(-13). Suppose d = 4*x + x - 5*u, 0 = -5*x - 3*u + 10. Let s(h) = 1 - 2*h**2 + h + 0 + 5*h**x. What is s(-1)?
3
Let o = 2 + 0. Let z(y) = -1 + 5 - y**3 - 1 - y - 5*y**o. Suppose -2*r - 22 = 5*n, r + 2*r = -5*n - 23. Calculate z(n).
-9
Let c be 4/((1/4)/(12/(-24))). Let k(z) = -z - 6. Calculate k(c).
2
Let j = 1454 - 1454. Let o(d) = -d - 29 + 29. Determine o(j).
0
Let o(t) = -t**2 - t + 13. Suppose 4*b = -2*k - 20, 11*k = 6*k + 3*b + 2. Let v be 1 - k - 12/4. What is o(v)?
13
Let d(w) be the second derivative of w**4/12 - 5*w**3/6 - 3*w**2 - 229*w. Calculate d(6).
0
Let j(z) = -z**3 - 6*z**2 - 6*z - 1. Let h(l) = 4*l**2 + 2*l - 2. Let k be h(1). Let i(w) = w**2 + 9*w + 29. Let f be i(-5). Let s = k - f. Give j(s).
4
Let d(m) be the second derivative of m**3/6 - 19*m**2/2 - 288*m. Calculate d(12).
-7
Let y(s) = -2*s + 2 + 2*s + 10 + 2*s. Let h(c) = -c - 8. Let k(m) = 8*h(m) + 5*y(m). Let g = -2 + 8. What is k(g)?
8
Suppose 2*k + 12 = -4*y - 0*y, 0 = -k - 3*y - 10. Let a(i) = -2*i**3 - 3 + 7*i**2 - i**2 - 2*i**k - i + 3*i**3. Determine a(-4).
1
Let w = -71 + 81. Let y(p) = 10*p + 5 + 2*p**2 - 11*p + w*p. Determine y(-6).
23
Let h be (1 + 1/2)/((-12)/(-32)). Suppose -a + h*a - 7 = -4*p, -5*p = 2*a. Let t(u) = 2*u + 1. Calculate t(a).
11